{"id":63,"date":"2023-09-06T16:23:33","date_gmt":"2023-09-06T14:23:33","guid":{"rendered":"https:\/\/canis-conseil.fr\/?page_id=63"},"modified":"2025-11-30T14:50:00","modified_gmt":"2025-11-30T13:50:00","slug":"referencements","status":"publish","type":"page","link":"https:\/\/canis-conseil.fr\/index.php\/referencements\/","title":{"rendered":"R\u00e9f\u00e9rencements"},"content":{"rendered":"\n<div class=\"wp-block-cover alignfull is-light\"><img loading=\"lazy\" decoding=\"async\" width=\"1280\" height=\"857\" class=\"wp-block-cover__image-background wp-image-1603 size-full\" alt=\"chancellery, office, table, work, law firm, workplace, laptop, desk, computer, a book, law firm, law firm, law firm, law firm, law firm\" src=\"http:\/\/canis-conseil.fr\/wp-content\/uploads\/2025\/11\/g6e86a6e2eeac6ea760d5b2e796b2bc68ea328aff4c978ae13fa89c9ac9f009a24604e39ed14144db7f03f9899f239baf1c59c5102ebef7774d5df57b64eb8198_1280-4924547.jpg\" style=\"object-position:76% 66%\" data-object-fit=\"cover\" data-object-position=\"76% 66%\" srcset=\"https:\/\/canis-conseil.fr\/wp-content\/uploads\/2025\/11\/g6e86a6e2eeac6ea760d5b2e796b2bc68ea328aff4c978ae13fa89c9ac9f009a24604e39ed14144db7f03f9899f239baf1c59c5102ebef7774d5df57b64eb8198_1280-4924547.jpg 1280w, https:\/\/canis-conseil.fr\/wp-content\/uploads\/2025\/11\/g6e86a6e2eeac6ea760d5b2e796b2bc68ea328aff4c978ae13fa89c9ac9f009a24604e39ed14144db7f03f9899f239baf1c59c5102ebef7774d5df57b64eb8198_1280-4924547-300x201.jpg 300w, https:\/\/canis-conseil.fr\/wp-content\/uploads\/2025\/11\/g6e86a6e2eeac6ea760d5b2e796b2bc68ea328aff4c978ae13fa89c9ac9f009a24604e39ed14144db7f03f9899f239baf1c59c5102ebef7774d5df57b64eb8198_1280-4924547-1024x686.jpg 1024w, https:\/\/canis-conseil.fr\/wp-content\/uploads\/2025\/11\/g6e86a6e2eeac6ea760d5b2e796b2bc68ea328aff4c978ae13fa89c9ac9f009a24604e39ed14144db7f03f9899f239baf1c59c5102ebef7774d5df57b64eb8198_1280-4924547-768x514.jpg 768w\" sizes=\"auto, (max-width: 1280px) 100vw, 1280px\" \/><span aria-hidden=\"true\" class=\"wp-block-cover__background has-background-dim\" style=\"background-color:#a2a2a2\"><\/span><div class=\"wp-block-cover__inner-container is-layout-flow wp-block-cover-is-layout-flow\">\n<p class=\"has-text-align-center has-large-font-size\">R\u00e9f\u00e9rencements<\/p>\n<\/div><\/div>\n\n\n\n<div class=\"wp-block-columns is-layout-flex wp-container-core-columns-is-layout-5d4d9b16 wp-block-columns-is-layout-flex\" style=\"padding-right:var(--wp--preset--spacing--80);padding-left:var(--wp--preset--spacing--80)\">\n<div class=\"wp-block-column is-layout-flow wp-block-column-is-layout-flow\">\n<figure class=\"wp-block-image aligncenter size-large has-custom-border\"><a href=\"https:\/\/www.onboard21.org\/fiche-administrateurs?recordId=recESjay40322AAE4\" target=\"_blank\" rel=\"noreferrer noopener\"><img loading=\"lazy\" decoding=\"async\" width=\"1024\" height=\"362\" src=\"http:\/\/canis-conseil.fr\/wp-content\/uploads\/2023\/09\/Logo-Onboard21-Club21Siecle-1-1024x362.jpeg\" alt=\"\" class=\"wp-image-173\" style=\"border-style:none;border-width:0px\" srcset=\"https:\/\/canis-conseil.fr\/wp-content\/uploads\/2023\/09\/Logo-Onboard21-Club21Siecle-1-1024x362.jpeg 1024w, https:\/\/canis-conseil.fr\/wp-content\/uploads\/2023\/09\/Logo-Onboard21-Club21Siecle-1-300x106.jpeg 300w, https:\/\/canis-conseil.fr\/wp-content\/uploads\/2023\/09\/Logo-Onboard21-Club21Siecle-1-768x271.jpeg 768w, https:\/\/canis-conseil.fr\/wp-content\/uploads\/2023\/09\/Logo-Onboard21-Club21Siecle-1-1536x543.jpeg 1536w, https:\/\/canis-conseil.fr\/wp-content\/uploads\/2023\/09\/Logo-Onboard21-Club21Siecle-1.jpeg 2000w\" sizes=\"auto, (max-width: 1024px) 100vw, 1024px\" \/><\/a><figcaption class=\"wp-element-caption\">Annuaire Onboard21, port\u00e9 par le Club 21\u00e8 Si\u00e8cle<br>Administrateurs ind\u00e9pendants de la diversit\u00e9<\/figcaption><\/figure>\n<\/div>\n\n\n\n<div class=\"wp-block-column is-layout-flow wp-block-column-is-layout-flow\">\n<figure class=\"wp-block-image aligncenter size-full has-custom-border\"><a href=\"https:\/\/www.traducteursdefrance.fr\/trouver-un-traducteur-en-france.php?region=lorraine\" target=\"_blank\" rel=\"noreferrer noopener\"><img loading=\"lazy\" decoding=\"async\" width=\"393\" height=\"97\" src=\"http:\/\/canis-conseil.fr\/wp-content\/uploads\/2023\/09\/Logo-CETTAF.jpg\" alt=\"\" class=\"has-border-color has-ast-global-color-5-border-color wp-image-174\" style=\"border-width:21px\" srcset=\"https:\/\/canis-conseil.fr\/wp-content\/uploads\/2023\/09\/Logo-CETTAF.jpg 393w, https:\/\/canis-conseil.fr\/wp-content\/uploads\/2023\/09\/Logo-CETTAF-300x74.jpg 300w\" sizes=\"auto, (max-width: 393px) 100vw, 393px\" \/><\/a><figcaption class=\"wp-element-caption\">Annuaire de la CETTAF<br>Chambre des Experts-Traducteurs et Traducteurs Asserment\u00e9s de France<\/figcaption><\/figure>\n<\/div>\n\n\n\n<div class=\"wp-block-column is-layout-flow wp-block-column-is-layout-flow\">\n<figure class=\"wp-block-image aligncenter size-full has-custom-border\"><a href=\"https:\/\/expertes.fr\/expertes\/73497-catherine-delahaye\/\" target=\"_blank\" rel=\"noreferrer noopener\"><img loading=\"lazy\" decoding=\"async\" width=\"722\" height=\"237\" src=\"https:\/\/canis-conseil.fr\/wp-content\/uploads\/2023\/09\/Expertes-France-1.jpg\" alt=\"\" class=\"wp-image-179\" style=\"border-style:none;border-width:0px;border-radius:0px\" srcset=\"https:\/\/canis-conseil.fr\/wp-content\/uploads\/2023\/09\/Expertes-France-1.jpg 722w, https:\/\/canis-conseil.fr\/wp-content\/uploads\/2023\/09\/Expertes-France-1-300x98.jpg 300w\" sizes=\"auto, (max-width: 722px) 100vw, 722px\" \/><\/a><figcaption class=\"wp-element-caption\">Guide-annuaire de toutes les femmes expertes fran\u00e7aises et francophones,  \u00e9dit\u00e9 en partenariat avec France T\u00e9l\u00e9visions et Radio France<\/figcaption><\/figure>\n<\/div>\n<\/div>\n\n\n\n<div class=\"wp-block-columns is-layout-flex wp-container-core-columns-is-layout-5d4d9b16 wp-block-columns-is-layout-flex\" style=\"padding-right:var(--wp--preset--spacing--80);padding-left:var(--wp--preset--spacing--80)\">\n<div class=\"wp-block-column is-layout-flow wp-block-column-is-layout-flow\">\n<figure class=\"wp-block-image aligncenter size-full is-resized\"><a href=\"https:\/\/www.ifa-asso.com\/cpt_annuaire\/catherine-delahaye\/\" target=\"_blank\" rel=\"noreferrer noopener\"><img loading=\"lazy\" decoding=\"async\" width=\"336\" height=\"111\" src=\"https:\/\/canis-conseil.fr\/wp-content\/uploads\/2023\/11\/IFA.jpeg\" alt=\"\" class=\"wp-image-547\" style=\"width:292px;height:auto\" srcset=\"https:\/\/canis-conseil.fr\/wp-content\/uploads\/2023\/11\/IFA.jpeg 336w, https:\/\/canis-conseil.fr\/wp-content\/uploads\/2023\/11\/IFA-300x99.jpeg 300w\" sizes=\"auto, (max-width: 336px) 100vw, 336px\" \/><\/a><figcaption class=\"wp-element-caption\"><br>Annuaire de l&#8217;Institut Fran\u00e7ais des Administrateurs<\/figcaption><\/figure>\n<\/div>\n\n\n\n<div class=\"wp-block-column is-layout-flow wp-block-column-is-layout-flow\">\n<figure class=\"wp-block-image aligncenter size-large is-resized\"><a href=\"https:\/\/www.portail-ie.fr\/directory\/company\/420\/canis-conseil\" target=\"_blank\" rel=\"noreferrer noopener\"><img loading=\"lazy\" decoding=\"async\" width=\"1024\" height=\"325\" src=\"http:\/\/canis-conseil.fr\/wp-content\/uploads\/2023\/09\/Logo-portail-IE-1024x325.png\" alt=\"\" class=\"wp-image-177\" style=\"width:293px;height:auto\" srcset=\"https:\/\/canis-conseil.fr\/wp-content\/uploads\/2023\/09\/Logo-portail-IE-1024x325.png 1024w, https:\/\/canis-conseil.fr\/wp-content\/uploads\/2023\/09\/Logo-portail-IE-300x95.png 300w, https:\/\/canis-conseil.fr\/wp-content\/uploads\/2023\/09\/Logo-portail-IE-768x244.png 768w, https:\/\/canis-conseil.fr\/wp-content\/uploads\/2023\/09\/Logo-portail-IE.png 1197w\" sizes=\"auto, (max-width: 1024px) 100vw, 1024px\" \/><\/a><figcaption class=\"wp-element-caption\"><br>Guide-annuaire du Portail de l&#8217;Intelligence Economique<\/figcaption><\/figure>\n<\/div>\n\n\n\n<div class=\"wp-block-column is-layout-flow wp-block-column-is-layout-flow\">\n<figure class=\"wp-block-image aligncenter size-full is-resized\"><a href=\"https:\/\/voxfemina.eu\/nos-expertes\/?exp=306\" target=\"_blank\" rel=\"noreferrer noopener\"><img loading=\"lazy\" decoding=\"async\" width=\"301\" height=\"65\" src=\"https:\/\/canis-conseil.fr\/wp-content\/uploads\/2023\/11\/logo_voxfemina.png\" alt=\"\" class=\"wp-image-369\" style=\"width:295px;height:auto\"\/><\/a><figcaption class=\"wp-element-caption\"><br><br>Association de soutien \u00e0 la visibilit\u00e9 des femmes dans les m\u00e9dias<br>Laur\u00e9ate du Parcours Femmes en vue 2023<\/figcaption><\/figure>\n<\/div>\n<\/div>\n\n\n\n<div class=\"wp-block-columns is-layout-flex wp-container-core-columns-is-layout-5d4d9b16 wp-block-columns-is-layout-flex\" style=\"padding-right:var(--wp--preset--spacing--80);padding-left:var(--wp--preset--spacing--80)\">\n<div class=\"wp-block-column is-layout-flow wp-block-column-is-layout-flow\">\n<figure class=\"wp-block-image aligncenter size-full\"><a href=\"https:\/\/lecollegedudirigeant.fr\/\" target=\"_blank\" rel=\"noreferrer noopener\"><img loading=\"lazy\" decoding=\"async\" width=\"2882\" height=\"794\" src=\"http:\/\/canis-conseil.fr\/wp-content\/uploads\/2023\/11\/logo_marine-jaune-LCDD.png\" alt=\"\" class=\"wp-image-501\" srcset=\"https:\/\/canis-conseil.fr\/wp-content\/uploads\/2023\/11\/logo_marine-jaune-LCDD.png 2882w, https:\/\/canis-conseil.fr\/wp-content\/uploads\/2023\/11\/logo_marine-jaune-LCDD-300x83.png 300w, https:\/\/canis-conseil.fr\/wp-content\/uploads\/2023\/11\/logo_marine-jaune-LCDD-1024x282.png 1024w, https:\/\/canis-conseil.fr\/wp-content\/uploads\/2023\/11\/logo_marine-jaune-LCDD-768x212.png 768w, https:\/\/canis-conseil.fr\/wp-content\/uploads\/2023\/11\/logo_marine-jaune-LCDD-1536x423.png 1536w, https:\/\/canis-conseil.fr\/wp-content\/uploads\/2023\/11\/logo_marine-jaune-LCDD-2048x564.png 2048w\" sizes=\"auto, (max-width: 2882px) 100vw, 2882px\" \/><\/a><figcaption class=\"wp-element-caption\">Dirigeants de PME\/ETI : \u00e9quipez-vous d\u2019un Advisory Board sur mesure pour vous inspirer, vous challenger, vous \u00e9clairer.<\/figcaption><\/figure>\n<\/div>\n\n\n\n<div class=\"wp-block-column is-layout-flow wp-block-column-is-layout-flow\">\n<figure class=\"wp-block-image aligncenter size-full\"><a href=\"https:\/\/www.malt.fr\/profile\/canisconseilbycatherinedelahaye\" target=\"_blank\" rel=\"noreferrer noopener\"><img loading=\"lazy\" decoding=\"async\" width=\"500\" height=\"152\" src=\"http:\/\/canis-conseil.fr\/wp-content\/uploads\/2023\/09\/malt.jpg\" alt=\"\" class=\"wp-image-178\" srcset=\"https:\/\/canis-conseil.fr\/wp-content\/uploads\/2023\/09\/malt.jpg 500w, https:\/\/canis-conseil.fr\/wp-content\/uploads\/2023\/09\/malt-300x91.jpg 300w\" sizes=\"auto, (max-width: 500px) 100vw, 500px\" \/><\/a><figcaption class=\"wp-element-caption\">D\u00e9couvrez le profil de Catherine Delahaye sur Malt.fr, la plus importante communaut\u00e9 de freelancing en Europe<\/figcaption><\/figure>\n<\/div>\n\n\n\n<div class=\"wp-block-column is-layout-flow wp-block-column-is-layout-flow\">\n<figure class=\"wp-block-image aligncenter size-full\"><a href=\"https:\/\/www.2gap.fr\/nos-expertes\/\" target=\"_blank\" rel=\"noreferrer noopener\"><img loading=\"lazy\" decoding=\"async\" width=\"124\" height=\"115\" src=\"https:\/\/canis-conseil.fr\/wp-content\/uploads\/2024\/05\/logo-2GAP-small.png\" alt=\"\" class=\"wp-image-886\"\/><\/a><\/figure>\n\n\n\n<p class=\"has-text-align-center\">Annuaire de l&#8217;association internationale<br>&#8220;Gender and Governance Action Platform&#8221;<br>pour une gouvernance partag\u00e9e<\/p>\n<\/div>\n<\/div>\n","protected":false},"excerpt":{"rendered":"<p>Annuaire de l&#8217;association internationale&#8220;Gender and Governance Action Platform&#8221;pour une gouvernance partag\u00e9e<\/p>\n","protected":false},"author":1,"featured_media":0,"parent":0,"menu_order":0,"comment_status":"closed","ping_status":"closed","template":"","meta":{"_uag_custom_page_level_css":"","site-sidebar-layout":"default","site-content-layout":"","ast-site-content-layout":"","site-content-style":"default","site-sidebar-style":"default","ast-global-header-display":"","ast-banner-title-visibility":"","ast-main-header-display":"","ast-hfb-above-header-display":"","ast-hfb-below-header-display":"","ast-hfb-mobile-header-display":"","site-post-title":"disabled","ast-breadcrumbs-content":"","ast-featured-img":"","footer-sml-layout":"","theme-transparent-header-meta":"","adv-header-id-meta":"","stick-header-meta":"","header-above-stick-meta":"","header-main-stick-meta":"","header-below-stick-meta":"","astra-migrate-meta-layouts":"","footnotes":""},"class_list":["post-63","page","type-page","status-publish","hentry"],"uagb_featured_image_src":{"full":false,"thumbnail":false,"medium":false,"medium_large":false,"large":false,"1536x1536":false,"2048x2048":false},"uagb_author_info":{"display_name":"Catherine Delahaye","author_link":"https:\/\/canis-conseil.fr\/index.php\/author\/admin5132\/"},"uagb_comment_info":0,"uagb_excerpt":"Annuaire de l&#8217;association internationale&#8220;Gender and Governance Action Platform&#8221;pour une gouvernance partag\u00e9e","_links":{"self":[{"href":"https:\/\/canis-conseil.fr\/index.php\/wp-json\/wp\/v2\/pages\/63","targetHints":{"allow":["GET"]}}],"collection":[{"href":"https:\/\/canis-conseil.fr\/index.php\/wp-json\/wp\/v2\/pages"}],"about":[{"href":"https:\/\/canis-conseil.fr\/index.php\/wp-json\/wp\/v2\/types\/page"}],"author":[{"embeddable":true,"href":"https:\/\/canis-conseil.fr\/index.php\/wp-json\/wp\/v2\/users\/1"}],"replies":[{"embeddable":true,"href":"https:\/\/canis-conseil.fr\/index.php\/wp-json\/wp\/v2\/comments?post=63"}],"version-history":[{"count":21,"href":"https:\/\/canis-conseil.fr\/index.php\/wp-json\/wp\/v2\/pages\/63\/revisions"}],"predecessor-version":[{"id":1604,"href":"https:\/\/canis-conseil.fr\/index.php\/wp-json\/wp\/v2\/pages\/63\/revisions\/1604"}],"wp:attachment":[{"href":"https:\/\/canis-conseil.fr\/index.php\/wp-json\/wp\/v2\/media?parent=63"}],"curies":[{"name":"wp","href":"https:\/\/api.w.org\/{rel}","templated":true}]}}