{"id":48,"date":"2023-09-06T16:36:30","date_gmt":"2023-09-06T14:36:30","guid":{"rendered":"https:\/\/canis-conseil.fr\/?page_id=48"},"modified":"2025-12-09T18:49:11","modified_gmt":"2025-12-09T17:49:11","slug":"accueil","status":"publish","type":"page","link":"https:\/\/canis-conseil.fr\/","title":{"rendered":"Bienvenue sur le site Canis Conseil by Catherine Delahaye"},"content":{"rendered":"\n<div class=\"wp-block-cover alignfull is-light\"><img loading=\"lazy\" decoding=\"async\" width=\"2560\" height=\"1707\" class=\"wp-block-cover__image-background wp-image-1729 size-full\" alt=\"Close-up of defocused silver glitter creating a sparkling textured background.\" src=\"http:\/\/canis-conseil.fr\/wp-content\/uploads\/2025\/12\/pexels-photo-751378-751378-scaled.jpg\" data-object-fit=\"cover\" srcset=\"https:\/\/canis-conseil.fr\/wp-content\/uploads\/2025\/12\/pexels-photo-751378-751378-scaled.jpg 2560w, https:\/\/canis-conseil.fr\/wp-content\/uploads\/2025\/12\/pexels-photo-751378-751378-300x200.jpg 300w, https:\/\/canis-conseil.fr\/wp-content\/uploads\/2025\/12\/pexels-photo-751378-751378-1024x683.jpg 1024w, https:\/\/canis-conseil.fr\/wp-content\/uploads\/2025\/12\/pexels-photo-751378-751378-768x512.jpg 768w, https:\/\/canis-conseil.fr\/wp-content\/uploads\/2025\/12\/pexels-photo-751378-751378-1536x1024.jpg 1536w, https:\/\/canis-conseil.fr\/wp-content\/uploads\/2025\/12\/pexels-photo-751378-751378-2048x1365.jpg 2048w\" sizes=\"auto, (max-width: 2560px) 100vw, 2560px\" \/><span aria-hidden=\"true\" class=\"wp-block-cover__background has-background-dim\" style=\"background-color:#d4dcda\"><\/span><div class=\"wp-block-cover__inner-container is-layout-flow wp-block-cover-is-layout-flow\">\n<p class=\"has-text-align-center has-ast-global-color-3-background-color has-text-color has-background has-link-color has-large-font-size wp-elements-25ededd1f2be323e4af7fdeb23e46f27\" style=\"color:#cced85\"><strong>L&#8217;intelligence \u00e9conomique et linguistique<\/strong><br><strong> <\/strong><br><strong>au service de vos strat\u00e9gies<\/strong><\/p>\n<\/div><\/div>\n\n\n\n<p class=\"has-text-align-center has-text-color has-link-color has-large-font-size wp-elements-f83ffd0d59e29bd64db8d40adcc25b6a\" style=\"color:#cced85\"><\/p>\n\n\n\n<div class=\"wp-block-group is-content-justification-center is-layout-constrained wp-container-core-group-is-layout-3bf8f29c wp-block-group-is-layout-constrained\" style=\"border-style:none;border-width:0px;padding-top:0;padding-right:var(--wp--preset--spacing--80);padding-bottom:0;padding-left:var(--wp--preset--spacing--80)\">\n<p class=\"has-text-align-center has-border-color has-black-border-color has-black-color has-white-background-color has-text-color has-background has-link-color wp-elements-3198751ba323f649a401915c008bf2d8\" style=\"border-width:1px;margin-top:var(--wp--preset--spacing--20);margin-right:0;margin-bottom:var(--wp--preset--spacing--20);margin-left:0;padding-top:var(--wp--preset--spacing--20);padding-right:0;padding-bottom:var(--wp--preset--spacing--20);padding-left:0;font-size:30px\">Canis Conseil vous propose une innovation m\u00e9thodologique :<br><br>l&#8217;alliance de l&#8217;intelligence \u00e9conomique et de l&#8217;intelligence linguistique <br><br>pour une approche syst\u00e9mique de l&#8217;entreprise et de son \u00e9cosyst\u00e8me.<\/p>\n\n\n\n<div style=\"aspect-ratio:16\/9;min-height:unset;\" class=\"wp-block-cover has-aspect-ratio\"><img loading=\"lazy\" decoding=\"async\" width=\"1024\" height=\"946\" class=\"wp-block-cover__image-background wp-image-1687\" alt=\"\" src=\"http:\/\/canis-conseil.fr\/wp-content\/uploads\/2025\/12\/Gemini_Generated_Image_j3jkr0j3jkr0j3jk-Copie.png\" style=\"object-position:47% 50%\" data-object-fit=\"cover\" data-object-position=\"47% 50%\" srcset=\"https:\/\/canis-conseil.fr\/wp-content\/uploads\/2025\/12\/Gemini_Generated_Image_j3jkr0j3jkr0j3jk-Copie.png 1024w, https:\/\/canis-conseil.fr\/wp-content\/uploads\/2025\/12\/Gemini_Generated_Image_j3jkr0j3jkr0j3jk-Copie-300x277.png 300w, https:\/\/canis-conseil.fr\/wp-content\/uploads\/2025\/12\/Gemini_Generated_Image_j3jkr0j3jkr0j3jk-Copie-768x710.png 768w\" sizes=\"auto, (max-width: 1024px) 100vw, 1024px\" \/><span aria-hidden=\"true\" class=\"wp-block-cover__background has-background-dim-0 has-background-dim\"><\/span><div class=\"wp-block-cover__inner-container is-layout-flow wp-block-cover-is-layout-flow\">\n<p class=\"has-text-align-left has-medium-font-size\"><\/p>\n<\/div><\/div>\n\n\n\n<div style=\"height:100px\" aria-hidden=\"true\" class=\"wp-block-spacer\"><\/div>\n\n\n\n<p style=\"font-size:30px\">L\u2019intelligence \u00e9conomique : votre radar strat\u00e9gique<\/p>\n\n\n\n<p class=\"has-medium-font-size\" style=\"margin-right:var(--wp--preset--spacing--80);margin-left:var(--wp--preset--spacing--80);padding-right:0;padding-left:0\">Dans un monde en constante mutation, l\u2019intelligence \u00e9conomique est bien plus qu\u2019un outil : c\u2019est votre syst\u00e8me d\u2019alerte avanc\u00e9. Elle permet \u00e0 votre entreprise de :<\/p>\n\n\n\n<div class=\"wp-block-uagb-icon-list uagb-block-3907cc2a\"><div class=\"uagb-icon-list__wrap\">\n<div data-aos= \"slide-left\" data-aos-duration=\"400\" data-aos-delay=\"0\" data-aos-easing=\"ease\" data-aos-once=\"true\" class=\"wp-block-uagb-icon-list-child uagb-block-3a4470c9\"><span class=\"uagb-icon-list__source-wrap\"><svg xmlns=\"https:\/\/www.w3.org\/2000\/svg\" viewBox=\"0 0 512 512\"><path d=\"M256 0C114.6 0 0 114.6 0 256c0 141.4 114.6 256 256 256s256-114.6 256-256C512 114.6 397.4 0 256 0zM406.6 278.6l-103.1 103.1c-12.5 12.5-32.75 12.5-45.25 0s-12.5-32.75 0-45.25L306.8 288H128C110.3 288 96 273.7 96 256s14.31-32 32-32h178.8l-49.38-49.38c-12.5-12.5-12.5-32.75 0-45.25s32.75-12.5 45.25 0l103.1 103.1C414.6 241.3 416 251.1 416 256C416 260.9 414.6 270.7 406.6 278.6z\"><\/path><\/svg><\/span><span class=\"uagb-icon-list__label\">Anticiper les risques et opportunit\u00e9s li\u00e9s aux enjeux politiques, \u00e9conomiques et soci\u00e9taux<\/span><\/div>\n\n\n\n<div data-aos= \"slide-left\" data-aos-duration=\"400\" data-aos-delay=\"0\" data-aos-easing=\"ease\" data-aos-once=\"true\" class=\"wp-block-uagb-icon-list-child uagb-block-8c58c7e3\"><span class=\"uagb-icon-list__source-wrap\"><svg xmlns=\"https:\/\/www.w3.org\/2000\/svg\" viewBox=\"0 0 512 512\"><path d=\"M256 0C114.6 0 0 114.6 0 256c0 141.4 114.6 256 256 256s256-114.6 256-256C512 114.6 397.4 0 256 0zM406.6 278.6l-103.1 103.1c-12.5 12.5-32.75 12.5-45.25 0s-12.5-32.75 0-45.25L306.8 288H128C110.3 288 96 273.7 96 256s14.31-32 32-32h178.8l-49.38-49.38c-12.5-12.5-12.5-32.75 0-45.25s32.75-12.5 45.25 0l103.1 103.1C414.6 241.3 416 251.1 416 256C416 260.9 414.6 270.7 406.6 278.6z\"><\/path><\/svg><\/span><span class=\"uagb-icon-list__label\">Cartographier votre \u00e9cosyst\u00e8me en 3D pour une vision claire et globale de vos forces et faiblesses<\/span><\/div>\n\n\n\n<div data-aos= \"slide-left\" data-aos-duration=\"400\" data-aos-delay=\"0\" data-aos-easing=\"ease\" data-aos-once=\"true\" class=\"wp-block-uagb-icon-list-child uagb-block-accabec2\"><span class=\"uagb-icon-list__source-wrap\"><svg xmlns=\"https:\/\/www.w3.org\/2000\/svg\" viewBox=\"0 0 512 512\"><path d=\"M256 0C114.6 0 0 114.6 0 256c0 141.4 114.6 256 256 256s256-114.6 256-256C512 114.6 397.4 0 256 0zM406.6 278.6l-103.1 103.1c-12.5 12.5-32.75 12.5-45.25 0s-12.5-32.75 0-45.25L306.8 288H128C110.3 288 96 273.7 96 256s14.31-32 32-32h178.8l-49.38-49.38c-12.5-12.5-12.5-32.75 0-45.25s32.75-12.5 45.25 0l103.1 103.1C414.6 241.3 416 251.1 416 256C416 260.9 414.6 270.7 406.6 278.6z\"><\/path><\/svg><\/span><span class=\"uagb-icon-list__label\">Adapter vos strat\u00e9gies pour rester agile et performant face aux \u00e9volutions du march\u00e9<\/span><\/div>\n<\/div><\/div>\n\n\n\n<p><\/p>\n\n\n\n<p class=\"has-medium-font-size\">Avec un expert en intelligence \u00e9conomique \u00e0 vos c\u00f4t\u00e9s, vous gagnez en hauteur de vue et en s\u00e9curit\u00e9 d\u00e9cisionnelle, garantissant des choix strat\u00e9giques solides et durables.<\/p>\n\n\n\n<p><\/p>\n\n\n\n<p style=\"font-size:30px\">L\u2019intelligence linguistique : comprendre au-del\u00e0 des mots<\/p>\n\n\n\n<p class=\"has-medium-font-size\">Dans un environnement international, traduire ne suffit pas. L\u2019intelligence linguistique vous offre une compr\u00e9hension interculturelle fine pour :<\/p>\n\n\n\n<div class=\"wp-block-uagb-icon-list uagb-block-6e5a4409\"><div class=\"uagb-icon-list__wrap\">\n<div data-aos= \"slide-left\" data-aos-duration=\"400\" data-aos-delay=\"0\" data-aos-easing=\"ease\" data-aos-once=\"true\" class=\"wp-block-uagb-icon-list-child uagb-block-1bf436bb\"><span class=\"uagb-icon-list__source-wrap\"><svg xmlns=\"https:\/\/www.w3.org\/2000\/svg\" viewBox=\"0 0 512 512\"><path d=\"M256 0C114.6 0 0 114.6 0 256c0 141.4 114.6 256 256 256s256-114.6 256-256C512 114.6 397.4 0 256 0zM406.6 278.6l-103.1 103.1c-12.5 12.5-32.75 12.5-45.25 0s-12.5-32.75 0-45.25L306.8 288H128C110.3 288 96 273.7 96 256s14.31-32 32-32h178.8l-49.38-49.38c-12.5-12.5-12.5-32.75 0-45.25s32.75-12.5 45.25 0l103.1 103.1C414.6 241.3 416 251.1 416 256C416 260.9 414.6 270.7 406.6 278.6z\"><\/path><\/svg><\/span><span class=\"uagb-icon-list__label\">Acc\u00e9der directement \u00e0 des informations strat\u00e9giques locales (presse, brevets, forums sp\u00e9cialis\u00e9s), souvent invisibles sans ma\u00eetrise linguistique<\/span><\/div>\n\n\n\n<div data-aos= \"slide-left\" data-aos-duration=\"400\" data-aos-delay=\"0\" data-aos-easing=\"ease\" data-aos-once=\"true\" class=\"wp-block-uagb-icon-list-child uagb-block-65c4631a\"><span class=\"uagb-icon-list__source-wrap\"><svg xmlns=\"https:\/\/www.w3.org\/2000\/svg\" viewBox=\"0 0 512 512\"><path d=\"M256 0C114.6 0 0 114.6 0 256c0 141.4 114.6 256 256 256s256-114.6 256-256C512 114.6 397.4 0 256 0zM406.6 278.6l-103.1 103.1c-12.5 12.5-32.75 12.5-45.25 0s-12.5-32.75 0-45.25L306.8 288H128C110.3 288 96 273.7 96 256s14.31-32 32-32h178.8l-49.38-49.38c-12.5-12.5-12.5-32.75 0-45.25s32.75-12.5 45.25 0l103.1 103.1C414.6 241.3 416 251.1 416 256C416 260.9 414.6 270.7 406.6 278.6z\"><\/path><\/svg><\/span><span class=\"uagb-icon-list__label\">D\u00e9crypter les nuances culturelles et verbales lors de n\u00e9gociations complexes, \u00e9vitant les malentendus co\u00fbteux et les risques juridiques<\/span><\/div>\n\n\n\n<div data-aos= \"slide-left\" data-aos-duration=\"400\" data-aos-delay=\"0\" data-aos-easing=\"ease\" data-aos-once=\"true\" class=\"wp-block-uagb-icon-list-child uagb-block-a458646a\"><span class=\"uagb-icon-list__source-wrap\"><svg xmlns=\"https:\/\/www.w3.org\/2000\/svg\" viewBox=\"0 0 512 512\"><path d=\"M256 0C114.6 0 0 114.6 0 256c0 141.4 114.6 256 256 256s256-114.6 256-256C512 114.6 397.4 0 256 0zM406.6 278.6l-103.1 103.1c-12.5 12.5-32.75 12.5-45.25 0s-12.5-32.75 0-45.25L306.8 288H128C110.3 288 96 273.7 96 256s14.31-32 32-32h178.8l-49.38-49.38c-12.5-12.5-12.5-32.75 0-45.25s32.75-12.5 45.25 0l103.1 103.1C414.6 241.3 416 251.1 416 256C416 260.9 414.6 270.7 406.6 278.6z\"><\/path><\/svg><\/span><span class=\"uagb-icon-list__label\">Renforcer vos relations internationales en interpr\u00e9tant correctement les intentions de vos partenaires, concurrents et institutions<\/span><\/div>\n<\/div><\/div>\n\n\n\n<p><\/p>\n\n\n\n<p class=\"has-medium-font-size\">L\u2019intelligence linguistique enrichit vos r\u00e9flexions strat\u00e9giques. Par une meilleure compr\u00e9hension des enjeux internationaux, Canis Conseil vous aide \u00e0 naviguer avec assurance dans un contexte \u00e9conomique et g\u00e9opolitique incertain.<\/p>\n\n\n\n<p><\/p>\n\n\n\n<p style=\"font-size:30px\">Allier intelligence \u00e9conomique et intelligence linguistique, c\u2019est offrir \u00e0 votre entreprise un avantage d\u00e9cisif.<\/p>\n\n\n\n<p class=\"has-medium-font-size\">En combinant intelligence \u00e9conomique et intelligence linguistique, vous obtenez un levier strat\u00e9gique unique&nbsp;:<\/p>\n\n\n\n<div class=\"wp-block-uagb-icon-list uagb-block-b628bac6\"><div class=\"uagb-icon-list__wrap\">\n<div data-aos= \"slide-left\" data-aos-duration=\"400\" data-aos-delay=\"0\" data-aos-easing=\"ease\" data-aos-once=\"true\" class=\"wp-block-uagb-icon-list-child uagb-block-897dcab3\"><span class=\"uagb-icon-list__source-wrap\"><svg xmlns=\"https:\/\/www.w3.org\/2000\/svg\" viewBox=\"0 0 512 512\"><path d=\"M256 0C114.6 0 0 114.6 0 256c0 141.4 114.6 256 256 256s256-114.6 256-256C512 114.6 397.4 0 256 0zM406.6 278.6l-103.1 103.1c-12.5 12.5-32.75 12.5-45.25 0s-12.5-32.75 0-45.25L306.8 288H128C110.3 288 96 273.7 96 256s14.31-32 32-32h178.8l-49.38-49.38c-12.5-12.5-12.5-32.75 0-45.25s32.75-12.5 45.25 0l103.1 103.1C414.6 241.3 416 251.1 416 256C416 260.9 414.6 270.7 406.6 278.6z\"><\/path><\/svg><\/span><span class=\"uagb-icon-list__label\">Une comp\u00e9titivit\u00e9 renforc\u00e9e gr\u00e2ce \u00e0 une vision 360\u00b0 des enjeux<\/span><\/div>\n\n\n\n<div data-aos= \"slide-left\" data-aos-duration=\"400\" data-aos-delay=\"0\" data-aos-easing=\"ease\" data-aos-once=\"true\" class=\"wp-block-uagb-icon-list-child uagb-block-164138c4\"><span class=\"uagb-icon-list__source-wrap\"><svg xmlns=\"https:\/\/www.w3.org\/2000\/svg\" viewBox=\"0 0 512 512\"><path d=\"M256 0C114.6 0 0 114.6 0 256c0 141.4 114.6 256 256 256s256-114.6 256-256C512 114.6 397.4 0 256 0zM406.6 278.6l-103.1 103.1c-12.5 12.5-32.75 12.5-45.25 0s-12.5-32.75 0-45.25L306.8 288H128C110.3 288 96 273.7 96 256s14.31-32 32-32h178.8l-49.38-49.38c-12.5-12.5-12.5-32.75 0-45.25s32.75-12.5 45.25 0l103.1 103.1C414.6 241.3 416 251.1 416 256C416 260.9 414.6 270.7 406.6 278.6z\"><\/path><\/svg><\/span><span class=\"uagb-icon-list__label\">Une information s\u00e9curis\u00e9e et fiable, m\u00eame au-del\u00e0 des fronti\u00e8res<\/span><\/div>\n\n\n\n<div data-aos= \"slide-left\" data-aos-duration=\"400\" data-aos-delay=\"0\" data-aos-easing=\"ease\" data-aos-once=\"true\" class=\"wp-block-uagb-icon-list-child uagb-block-b798ece8\"><span class=\"uagb-icon-list__source-wrap\"><svg xmlns=\"https:\/\/www.w3.org\/2000\/svg\" viewBox=\"0 0 512 512\"><path d=\"M256 0C114.6 0 0 114.6 0 256c0 141.4 114.6 256 256 256s256-114.6 256-256C512 114.6 397.4 0 256 0zM406.6 278.6l-103.1 103.1c-12.5 12.5-32.75 12.5-45.25 0s-12.5-32.75 0-45.25L306.8 288H128C110.3 288 96 273.7 96 256s14.31-32 32-32h178.8l-49.38-49.38c-12.5-12.5-12.5-32.75 0-45.25s32.75-12.5 45.25 0l103.1 103.1C414.6 241.3 416 251.1 416 256C416 260.9 414.6 270.7 406.6 278.6z\"><\/path><\/svg><\/span><span class=\"uagb-icon-list__label\">Une capacit\u00e9 d\u2019influence optimis\u00e9e dans un monde globalis\u00e9<\/span><\/div>\n<\/div><\/div>\n\n\n\n<p><\/p>\n\n\n\n<p class=\"has-medium-font-size\">Cette alliance devient votre meilleur atout pour la p\u00e9rennit\u00e9 et la performance de votre entreprise.<\/p>\n\n\n\n<p class=\"has-medium-font-size\">Investir dans cette alliance, c\u2019est investir dans l\u2019avenir de votre entreprise.<\/p>\n\n\n\n<div style=\"height:100px\" aria-hidden=\"true\" class=\"wp-block-spacer\"><\/div>\n<\/div>\n\n\n\n<div class=\"wp-block-columns is-layout-flex wp-container-core-columns-is-layout-28f84493 wp-block-columns-is-layout-flex\">\n<div class=\"wp-block-column is-layout-flow wp-block-column-is-layout-flow\" style=\"flex-basis:25%\"><\/div>\n\n\n\n<div class=\"wp-block-column is-layout-flow wp-block-column-is-layout-flow\" style=\"flex-basis:50%\"><\/div>\n\n\n\n<div class=\"wp-block-column is-layout-flow wp-block-column-is-layout-flow\" style=\"flex-basis:25%\">\n<script src=\"https:\/\/platform.linkedin.com\/in.js\" type=\"text\/javascript\"> lang: en_US<\/script>\n<script type=\"IN\/FollowCompany\" data-id=\"81433175\" data-counter=\"bottom\"><\/script>\n<\/div>\n<\/div>\n\n\n\n<figure class=\"wp-block-image aligncenter size-full has-custom-border\"><img loading=\"lazy\" decoding=\"async\" width=\"1439\" height=\"255\" src=\"https:\/\/canis-conseil.fr\/wp-content\/uploads\/2023\/09\/Fond-profil-reseaux-sociaux-3.jpg\" alt=\"\" class=\"wp-image-18\" style=\"border-style:none;border-width:0px;border-radius:0px\" srcset=\"https:\/\/canis-conseil.fr\/wp-content\/uploads\/2023\/09\/Fond-profil-reseaux-sociaux-3.jpg 1439w, https:\/\/canis-conseil.fr\/wp-content\/uploads\/2023\/09\/Fond-profil-reseaux-sociaux-3-300x53.jpg 300w, https:\/\/canis-conseil.fr\/wp-content\/uploads\/2023\/09\/Fond-profil-reseaux-sociaux-3-1024x181.jpg 1024w, https:\/\/canis-conseil.fr\/wp-content\/uploads\/2023\/09\/Fond-profil-reseaux-sociaux-3-768x136.jpg 768w\" sizes=\"auto, (max-width: 1439px) 100vw, 1439px\" \/><\/figure>\n","protected":false},"excerpt":{"rendered":"<p>Canis Conseil vous propose une innovation m\u00e9thodologique : l&#8217;alliance de l&#8217;intelligence \u00e9conomique et de l&#8217;intelligence linguistique pour une approche syst\u00e9mique de l&#8217;entreprise et de son \u00e9cosyst\u00e8me. L\u2019intelligence \u00e9conomique : votre radar strat\u00e9gique Dans un monde en constante mutation, l\u2019intelligence \u00e9conomique est bien plus qu\u2019un outil : c\u2019est votre syst\u00e8me d\u2019alerte avanc\u00e9. Elle permet \u00e0 votre &hellip;<\/p>\n<p class=\"read-more\"> <a class=\"\" href=\"https:\/\/canis-conseil.fr\/\"> <span class=\"screen-reader-text\">Bienvenue sur le site Canis Conseil by Catherine Delahaye<\/span> Read More &raquo;<\/a><\/p>\n","protected":false},"author":1,"featured_media":0,"parent":0,"menu_order":0,"comment_status":"closed","ping_status":"closed","template":"","meta":{"_uag_custom_page_level_css":"","site-sidebar-layout":"default","site-content-layout":"","ast-site-content-layout":"","site-content-style":"default","site-sidebar-style":"default","ast-global-header-display":"","ast-banner-title-visibility":"","ast-main-header-display":"","ast-hfb-above-header-display":"","ast-hfb-below-header-display":"","ast-hfb-mobile-header-display":"","site-post-title":"disabled","ast-breadcrumbs-content":"","ast-featured-img":"","footer-sml-layout":"","theme-transparent-header-meta":"","adv-header-id-meta":"","stick-header-meta":"","header-above-stick-meta":"","header-main-stick-meta":"","header-below-stick-meta":"","astra-migrate-meta-layouts":"","footnotes":""},"class_list":["post-48","page","type-page","status-publish","hentry"],"uagb_featured_image_src":{"full":false,"thumbnail":false,"medium":false,"medium_large":false,"large":false,"1536x1536":false,"2048x2048":false},"uagb_author_info":{"display_name":"Catherine Delahaye","author_link":"https:\/\/canis-conseil.fr\/index.php\/author\/admin5132\/"},"uagb_comment_info":0,"uagb_excerpt":"Canis Conseil vous propose une innovation m\u00e9thodologique : l&#8217;alliance de l&#8217;intelligence \u00e9conomique et de l&#8217;intelligence linguistique pour une approche syst\u00e9mique de l&#8217;entreprise et de son \u00e9cosyst\u00e8me. L\u2019intelligence \u00e9conomique : votre radar strat\u00e9gique Dans un monde en constante mutation, l\u2019intelligence \u00e9conomique est bien plus qu\u2019un outil : c\u2019est votre syst\u00e8me d\u2019alerte avanc\u00e9. Elle permet \u00e0 votre&hellip;","_links":{"self":[{"href":"https:\/\/canis-conseil.fr\/index.php\/wp-json\/wp\/v2\/pages\/48","targetHints":{"allow":["GET"]}}],"collection":[{"href":"https:\/\/canis-conseil.fr\/index.php\/wp-json\/wp\/v2\/pages"}],"about":[{"href":"https:\/\/canis-conseil.fr\/index.php\/wp-json\/wp\/v2\/types\/page"}],"author":[{"embeddable":true,"href":"https:\/\/canis-conseil.fr\/index.php\/wp-json\/wp\/v2\/users\/1"}],"replies":[{"embeddable":true,"href":"https:\/\/canis-conseil.fr\/index.php\/wp-json\/wp\/v2\/comments?post=48"}],"version-history":[{"count":42,"href":"https:\/\/canis-conseil.fr\/index.php\/wp-json\/wp\/v2\/pages\/48\/revisions"}],"predecessor-version":[{"id":1743,"href":"https:\/\/canis-conseil.fr\/index.php\/wp-json\/wp\/v2\/pages\/48\/revisions\/1743"}],"wp:attachment":[{"href":"https:\/\/canis-conseil.fr\/index.php\/wp-json\/wp\/v2\/media?parent=48"}],"curies":[{"name":"wp","href":"https:\/\/api.w.org\/{rel}","templated":true}]}}